
In base 15, what is -a9 - -13c?
83
In base 15, what is -3 - 92073?
-92076
In base 11, what is 695 - -185?
86a
In base 6, what is 5 + -3234524?
-3234515
In base 4, what is 11 + 3131321200?
3131321211
In base 9, what is 3108 + 24?
3133
In base 7, what is -22144 + -355?
-22532
In base 10, what is 39487 + -5?
39482
In base 13, what is -a - a60?
-a6a
In base 5, what is -331432 - -11?
-331421
In base 2, what is -1100000000001110 + -100000?
-1100000000101110
In base 7, what is 1 - -162204?
162205
In base 15, what is -1295 - 274?
-1519
In base 11, what is -3 - -21745?
21742
In base 9, what is 3 - -67314?
67317
In base 12, what is -1a59 - -171?
-18a8
In base 10, what is 32334 + 4?
32338
In base 13, what is 13bb0 - 17?
13b96
In base 2, what is -10100 + 1001010101000001?
1001010100101101
In base 12, what is 5107 + 3?
510a
In base 3, what is -220111211102 - -12?
-220111211020
In base 14, what is 3 + 1002a?
1002d
In base 11, what is -3 + 368589?
368586
In base 13, what is c - c071?
-c062
In base 13, what is -b072 - 20?
-b092
In base 3, what is 122221211212 - 12?
122221211200
In base 12, what is -5546 - -13?
-5533
In base 6, what is 5 + -15315323?
-15315314
In base 14, what is 7 - -c34?
c3b
In base 15, what is 14c2c - 18?
14c14
In base 2, what is -10 - -101001000100110?
101001000100100
In base 15, what is 2 + -3dad9?
-3dad7
In base 4, what is 332323 + 2?
332331
In base 7, what is 305306 + -4?
305302
In base 16, what is -3de - 1db?
-5b9
In base 5, what is -144424 - -24?
-144400
In base 7, what is 24 + -13612?
-13555
In base 10, what is 1 - -74445?
74446
In base 15, what is 155495 - -1?
155496
In base 7, what is -124 + -253255?
-253412
In base 2, what is 1101010001100000 + 110?
1101010001100110
In base 8, what is 2 - 7563?
-7561
In base 7, what is -236351 + 2?
-236346
In base 2, what is 0 - 101001000001100?
-101001000001100
In base 10, what is -1597 + 414?
-1183
In base 5, what is -14 - 1303?
-1322
In base 16, what is -3 + -1299d1?
-1299d4
In base 7, what is 416 - 3333?
-2614
In base 14, what is 1 - a064?
-a063
In base 2, what is -11000011001010 + -100?
-11000011001110
In base 14, what is 165 - b1?
94
In base 9, what is 1 - 246022?
-246021
In base 14, what is 30c41 + -2?
30c3d
In base 15, what is -1972 + -91?
-1a13
In base 11, what is 242851 + -1?
242850
In base 9, what is 4 + 173442?
173446
In base 11, what is 1993 + 5?
1998
In base 15, what is -86724 - 3?
-86727
In base 10, what is 4 - -33301?
33305
In base 12, what is -32103 + -3?
-32106
In base 9, what is -52101 - 13?
-52114
In base 6, what is -3 - -41003?
41000
In base 4, what is -23123 + -130?
-23313
In base 8, what is 217 - 47337?
-47120
In base 11, what is -497 + 7?
-490
In base 11, what is -1 - 74a7?
-74a8
In base 10, what is -6446 - 1?
-6447
In base 4, what is 313 + -2033213?
-2032300
In base 8, what is 505731 + 0?
505731
In base 13, what is -532 - 5b?
-590
In base 13, what is -991 - 27?
-9b8
In base 5, what is -21 + 114?
43
In base 11, what is 75473 - -5?
75478
In base 12, what is 9485 - -25?
94aa
In base 16, what is 219 - 972?
-759
In base 3, what is -1 - -101211110?
101211102
In base 15, what is 3aa - -192?
54c
In base 5, what is -104214342 - 4?
-104214401
In base 15, what is -262 + -19d?
-410
In base 9, what is 3 - 213350?
-213346
In base 12, what is 3a + -19729?
-196ab
In base 8, what is 21471 - -24?
21515
In base 8, what is -31 + 1406?
1355
In base 8, what is -3 - 14220?
-14223
In base 4, what is -1 - -111300?
111233
In base 16, what is 46a + -6b?
3ff
In base 7, what is -1115063 - -1?
-1115062
In base 16, what is 6b - 9a4?
-939
In base 16, what is 29 - 5?
24
In base 8, what is -67430 + 5?
-67423
In base 7, what is 0 + 115252?
115252
In base 11, what is -14 + 2322?
2309
In base 9, what is 55516 + 1?
55517
In base 15, what is -2189 - 2ae?
-2448
In base 2, what is 10011 - -100110011000100?
100110011010111
In base 2, what is -11111 + 10100000010000?
10011111110001
In base 10, what is -63494 + 1?
-63493
In base 3, what is 12002221122 + 11?
12002221210
In base 15, what is -3 - 4ad7?
-4ada
In base 10, what is -246 - -114?
-132
In base 15, what is -251a43 + 4?
-251a3e
In base 16, what is -5 - 1ed28?
-1ed2d
In base 12, what is 85 + -24770?
-246a7
In base 12, what is -1a - -3?
-17
In base 6, what is -113524 + -12?
-113540
In base 12, what is -551 - -147?
-406
In base 4, what is -122 - -101303?
101121
In base 2, what is 11000111010010011111 + -10?
11000111010010011101
In base 10, what is 37682 + -2?
37680
In base 11, what is -321a7 + 6?
-321a1
In base 10, what is -4157 + 4?
-4153
In base 10, what is 28 + 1725?
1753
In base 2, what is -100110 - -1110000111110001?
1110000111001011
In base 11, what is 58 + 12?
6a
In base 10, what is 1 - 10246?
-10245
In base 15, what is 4 + 3e7a?
3e7e
In base 6, what is 1 + 4451?
4452
In base 13, what is 47c96 + 3?
47c99
In base 11, what is -668 + -40?
-6a8
In base 2, what is 101110111111011 + 10?
101110111111101
In base 10, what is -602 + 1850?
1248
In base 6, what is 3025124 - -5?
3025133
In base 13, what is 1b25a + 7?
1b264
In base 3, what is -121002012 - 2?
-121002021
In base 2, what is 11 - 100001110110?
-100001110011
In base 15, what is -75 - 2267?
-22dc
In base 12, what is -270 + b?
-261
In base 14, what is 5 + 204?
209
In base 15, what is 0 + -1078d?
-1078d
In base 7, what is 0 - -1256132?
1256132
In base 16, what is -443 + 244?
-1ff
In base 7, what is 133 + 533?
666
In base 4, what is -3 + -1201021010?
-1201021013
In base 14, what is 275 - 2b?
248
In base 16, what is 2 + -8ad?
-8ab
In base 10, what is 5 - -50190?
50195
In base 13, what is -4 + 92293?
9228c
In base 13, what is -196 - 5b1?
-777
In base 5, what is -1 - 104341033?
-104341034
In base 6, what is -2132 - 4245?
-10421
In base 6, what is -142 - 3010?
-3152
In base 15, what is 5 - -754c?
7552
In base 6, what is -3113144 - -3?
-3113141
In base 7, what is -2215 - -1036?
-1146
In base 16, what is -3ffa - 4?
-3ffe
In base 5, what is -1031 - -404?
-122
In base 13, what is 0 + -4969?
-4969
In base 15, what is -2baa - 15?
-2bc0
In base 4, what is 3 - -3333230122?
3333230131
In base 3, what is 2121 + 2200100?
2202221
In base 9, what is 827 + -72?
745
In base 11, what is 514 + 47?
560
In base 5, what is 21142 - 111?
21031
In base 5, what is 0 - -13332?
13332
In base 5, what is -1103 - -24?
-1024
In base 7, what is 1 - -5202624?
5202625
In base 8, what is 1 - 72566?
-72565
In base 15, what is 4 - -ec5a9?
ec5ad
In base 3, what is -11 - 101120221?
-101121002
In base 9, what is 105760 - 2?
105757
In base 16, what is 55 - -349?
39e
In base 14, what is -470a3 + 7?
-4709a
In base 8, what is -1271 + 175?
-1074
In base 12, what is 48 - a8b?
-a43
In base 5, what is 3313322 - 10?
3313312
In base 5, what is 2 + 103213?
103220
In base 4, what is -233 - -22300?
22001
In base 14, what is 55a + -22?
538
In base 3, what is -22 + -101011110?
-101011202
In base 11, what is -20496 + -1?
-20497
In base 9, what is 2 - -13782?
13784
In base 10, what is -1317 - 158?
-1475
In base 6, what is -421111 + 134?
-420533
In base 7, what is -542324 - -5?
-542316
In base 15, what is -ab6 - 9?
-ac0
In base 16, what is -816 + -25c?
-a72
In base 9, what is -15 + 3153?
3137
In base 9, what is -280136 + 3?
-280133
In base 4, what is 113 - -1111203?
1111322
In base 4, what is -33233133 - -13?
-33233120
In base 13, what is -239623 + 1?
-239622
In base 12, what is -54 + 296?
242
In base 16, what is bf396 + -2?
bf394
In base 2, what is 100010100011101 - 0?
100010100011101
In base 10, what is 0 - -710202?
710202
In base 3, what is -121212 - 1110002?
-2001221
In base 6, what is 0 - -1010541?
1010541
In base 6, what is -413 - 31005?
-31422
In base 10, what is 0 + 1477553?
1477553
In base 9, what is 471 - 10?
461
In base 12, what is -2582519 - 3?
-2582520
In base 11, what is 110 + -469?
-359
In base 10, what is 86 + -3577?
-3491
In base 15, what is -3503 + a?
-34e8
In base 9, what is 44 + -240?
-185
In base 3, what is 10 - 110122222?
-110122212
In base 16, what is -24c3 - 1a?
-24dd
In base 3, what is -1122001110 + 2?
-1122001101
In base 10, what is 3 + 43711?
43714
In base 2, what is -10 + -101111110010101?
-101111110010111
In base 2, what is 10011101001 + -10010?
10011010111
In base 6, what is 11 + -11303335?
-11303324
In base 5, what is 10 - 1414240?
-141